{"version":"1.0","provider_name":"Colegio San Luis Rey","provider_url":"https:\/\/www.sanluisrey.edu.co\/new","title":"Celebraci\u00f3n de La Pascua\u200b - Colegio San Luis Rey","type":"rich","width":600,"height":338,"html":"<blockquote class=\"wp-embedded-content\" data-secret=\"FgY2PFMXg5\"><a href=\"https:\/\/www.sanluisrey.edu.co\/new\/celebracion-de-la-pascua%e2%80%8b\/\">Celebraci\u00f3n de La Pascua\u200b<\/a><\/blockquote><iframe sandbox=\"allow-scripts\" security=\"restricted\" src=\"https:\/\/www.sanluisrey.edu.co\/new\/celebracion-de-la-pascua%e2%80%8b\/embed\/#?secret=FgY2PFMXg5\" width=\"600\" height=\"338\" title=\"\u00abCelebraci\u00f3n de La Pascua\u200b\u00bb \u2014 Colegio San Luis Rey\" data-secret=\"FgY2PFMXg5\" frameborder=\"0\" marginwidth=\"0\" marginheight=\"0\" scrolling=\"no\" class=\"wp-embedded-content\"><\/iframe><script type=\"text\/javascript\">\n\/* <![CDATA[ *\/\n\/*! This file is auto-generated *\/\n!function(d,l){\"use strict\";l.querySelector&&d.addEventListener&&\"undefined\"!=typeof URL&&(d.wp=d.wp||{},d.wp.receiveEmbedMessage||(d.wp.receiveEmbedMessage=function(e){var t=e.data;if((t||t.secret||t.message||t.value)&&!\/[^a-zA-Z0-9]\/.test(t.secret)){for(var s,r,n,a=l.querySelectorAll('iframe[data-secret=\"'+t.secret+'\"]'),o=l.querySelectorAll('blockquote[data-secret=\"'+t.secret+'\"]'),c=new RegExp(\"^https?:$\",\"i\"),i=0;i<o.length;i++)o[i].style.display=\"none\";for(i=0;i<a.length;i++)s=a[i],e.source===s.contentWindow&&(s.removeAttribute(\"style\"),\"height\"===t.message?(1e3<(r=parseInt(t.value,10))?r=1e3:~~r<200&&(r=200),s.height=r):\"link\"===t.message&&(r=new URL(s.getAttribute(\"src\")),n=new URL(t.value),c.test(n.protocol))&&n.host===r.host&&l.activeElement===s&&(d.top.location.href=t.value))}},d.addEventListener(\"message\",d.wp.receiveEmbedMessage,!1),l.addEventListener(\"DOMContentLoaded\",function(){for(var e,t,s=l.querySelectorAll(\"iframe.wp-embedded-content\"),r=0;r<s.length;r++)(t=(e=s[r]).getAttribute(\"data-secret\"))||(t=Math.random().toString(36).substring(2,12),e.src+=\"#?secret=\"+t,e.setAttribute(\"data-secret\",t)),e.contentWindow.postMessage({message:\"ready\",secret:t},\"*\")},!1)))}(window,document);\n\/* ]]> *\/\n<\/script>\n","description":"Celebraci\u00f3n de La Pascua As\u00ed se vivi\u00f3 la Pascua en nuestro colegio Franciscano San Luis Rey. \u201cEn este tiempo en el que celebramos la Resurrecci\u00f3n del Se\u00f1or, no tengan miedo de manifestar que\u00a0\u00a1Jes\u00fas est\u00e1 vivo, que es nuestra vida!\u201d \u00a0Papa Francisco en la Audiencia General El padre Germ\u00e1n Arbel\u00e1ez Ospina [&hellip;]","thumbnail_url":"http:\/\/www.visualbit.co\/sanluis\/wp-content\/uploads\/2020\/04\/Celebracion-Pascua-1-1024x696.jpg"}

Celebración de La Pascua​ - Colegio San Luis Rey

<blockquote class="wp-embedded-content" data-secret="FgY2PFMXg5"><a href="https://www.sanluisrey.edu.co/new/celebracion-de-la-pascua%e2%80%8b/">Celebración de La Pascua​</a></blockquote><iframe sandbox="allow-scripts" security="restricted" src="https://www.sanluisrey.edu.co/new/celebracion-de-la-pascua%e2%80%8b/embed/#?secret=FgY2PFMXg5" width="600" height="338" title="«Celebración de La Pascua​» — Colegio San Luis Rey" data-secret="FgY2PFMXg5" frameborder="0" marginwidth="0" marginheight="0" scrolling="no" class="wp-embedded-content"></iframe><script type="text/javascript">
/* <![CDATA[ */
/*! This file is auto-generated */
!function(d,l){"use strict";l.querySelector&&d.addEventListener&&"undefined"!=typeof URL&&(d.wp=d.wp||{},d.wp.receiveEmbedMessage||(d.wp.receiveEmbedMessage=function(e){var t=e.data;if((t||t.secret||t.message||t.value)&&!/[^a-zA-Z0-9]/.test(t.secret)){for(var s,r,n,a=l.querySelectorAll('iframe[data-secret="'+t.secret+'"]'),o=l.querySelectorAll('blockquote[data-secret="'+t.secret+'"]'),c=new RegExp("^https?:$","i"),i=0;i<o.length;i++)o[i].style.display="none";for(i=0;i<a.length;i++)s=a[i],e.source===s.contentWindow&&(s.removeAttribute("style"),"height"===t.message?(1e3<(r=parseInt(t.value,10))?r=1e3:~~r<200&&(r=200),s.height=r):"link"===t.message&&(r=new URL(s.getAttribute("src")),n=new URL(t.value),c.test(n.protocol))&&n.host===r.host&&l.activeElement===s&&(d.top.location.href=t.value))}},d.addEventListener("message",d.wp.receiveEmbedMessage,!1),l.addEventListener("DOMContentLoaded",function(){for(var e,t,s=l.querySelectorAll("iframe.wp-embedded-content"),r=0;r<s.length;r++)(t=(e=s[r]).getAttribute("data-secret"))||(t=Math.random().toString(36).substring(2,12),e.src+="#?secret="+t,e.setAttribute("data-secret",t)),e.contentWindow.postMessage({message:"ready",secret:t},"*")},!1)))}(window,document);
/* ]]> */
</script>

Celebración de La Pascua Así se vivió la Pascua en nuestro colegio Franciscano San Luis Rey. “En este tiempo en el que celebramos la Resurrección del Señor, no tengan miedo de manifestar que ¡Jesús está vivo, que es nuestra vida!”  Papa Francisco en la Audiencia General El padre Germán Arbeláez Ospina [&hellip;]
