{"id":3448,"date":"2020-06-05T10:11:20","date_gmt":"2020-06-05T15:11:20","guid":{"rendered":"http:\/\/www.visualbit.co\/sanluis\/?post_type=product&#038;p=3448"},"modified":"2020-06-05T10:11:20","modified_gmt":"2020-06-05T15:11:20","slug":"fruteria-huerto-fresco-sas","status":"publish","type":"product","link":"https:\/\/www.sanluisrey.edu.co\/new\/producto\/fruteria-huerto-fresco-sas\/","title":{"rendered":"Fruteria Huerto Fresco SAS"},"content":{"rendered":"","protected":false},"excerpt":{"rendered":"<p>Venta de frutas en general, hortalizas, legumbres, vegetales, tambi\u00e9n disponemos de pulpas y frutas en cubos congeladas, de lulo, Maracuy\u00e1, papaya, guan\u00e1bana, tomate de \u00e1rbol, mango, coco, mora, fresa, mandarina, guayaba, pi\u00f1a.<br \/>\nFrutas congeladas detox, nutritivos, energizantes, digestivos, etc.<\/p>\n<p>-Kiwi + Manzana verde + Chia<\/p>\n<p>&#8211; Fresa + Papaya + Pi\u00f1a + Avena<\/p>\n<p>&#8211; Pepino + Pi\u00f1a + Mango + Zabila<\/p>\n<p>&#8211; Ar\u00e1ndanos + Uchuva + Guan\u00e1bana + Quinoa<\/p>\n<p>&#8211; Datil + Manzana Verde + Kiwi<\/p>\n<p class=\"p1\">Ciudad: Armenia<\/p>\n<p class=\"p1\">Domicilio: S\u00ed<\/p>\n<p class=\"p1\">Sitio web: www.fruteriahuertofresco.com<\/p>\n<p class=\"p1\">Facebook: <a href=\"https:\/\/web.facebook.com\/Fruter%C3%ADa-Huerto-Fresco-103269564718294\">https:\/\/web.facebook.com\/Fruter%C3%ADa-Huerto-Fresco-103269564718294<\/a><br \/>\nInstagram: <a class=\"sqdOP yWX7d     _8A5w5   ZIAjV \" href=\"https:\/\/www.instagram.com\/fruteriahuertofresco\/\">@fruteriahuertofresco<\/a><\/p>\n<p class=\"p1\">Tel\u00e9fono:<\/p>\n<p class=\"p1\">Celular: 3218657333<\/p>\n<p class=\"p1\">Correo electr\u00f3nico: fruteriahuertofresco@gmail.com<\/p>\n<p class=\"p1\">Direcci\u00f3n:<\/p>\n","protected":false},"featured_media":0,"comment_status":"open","ping_status":"closed","template":"","meta":{"_monsterinsights_skip_tracking":false,"_monsterinsights_sitenote_active":false,"_monsterinsights_sitenote_note":"","_monsterinsights_sitenote_category":0},"product_brand":[],"product_cat":[27],"product_tag":[],"class_list":{"0":"post-3448","1":"product","2":"type-product","3":"status-publish","5":"product_cat-restaurantes","7":"first","8":"instock","9":"shipping-taxable","10":"product-type-simple"},"yoast_head":"<!-- This site is optimized with the Yoast SEO plugin v27.5 - https:\/\/yoast.com\/product\/yoast-seo-wordpress\/ -->\n<title>Fruteria Huerto Fresco SAS - Colegio San Luis Rey<\/title>\n<meta name=\"robots\" content=\"index, follow, max-snippet:-1, max-image-preview:large, max-video-preview:-1\" \/>\n<link rel=\"canonical\" href=\"https:\/\/www.sanluisrey.edu.co\/new\/producto\/fruteria-huerto-fresco-sas\/\" \/>\n<meta property=\"og:locale\" content=\"es_ES\" \/>\n<meta property=\"og:type\" content=\"article\" \/>\n<meta property=\"og:title\" content=\"Fruteria Huerto Fresco SAS - Colegio San Luis Rey\" \/>\n<meta property=\"og:description\" content=\"Venta de frutas en general, hortalizas, legumbres, vegetales, tambi\u00e9n disponemos de pulpas y frutas en cubos congeladas, de lulo, Maracuy\u00e1, papaya, guan\u00e1bana, tomate de \u00e1rbol, mango, coco, mora, fresa, mandarina, guayaba, pi\u00f1a. Frutas congeladas detox, nutritivos, energizantes, digestivos, etc.  -Kiwi + Manzana verde + Chia  - Fresa + Papaya + Pi\u00f1a + Avena  - Pepino + Pi\u00f1a + Mango + Zabila  - Ar\u00e1ndanos + Uchuva + Guan\u00e1bana + Quinoa  - Datil + Manzana Verde + Kiwi Ciudad: Armenia Domicilio: S\u00ed Sitio web: www.fruteriahuertofresco.com Facebook: https:\/\/web.facebook.com\/Fruter%C3%ADa-Huerto-Fresco-103269564718294 Instagram: @fruteriahuertofresco Tel\u00e9fono: Celular: 3218657333 Correo electr\u00f3nico: fruteriahuertofresco@gmail.com Direcci\u00f3n:\" \/>\n<meta property=\"og:url\" content=\"https:\/\/www.sanluisrey.edu.co\/new\/producto\/fruteria-huerto-fresco-sas\/\" \/>\n<meta property=\"og:site_name\" content=\"Colegio San Luis Rey\" \/>\n<meta property=\"og:image\" content=\"https:\/\/www.sanluisrey.edu.co\/new\/wp-content\/uploads\/2020\/06\/fruteria-huerto-fresco.png\" \/>\n\t<meta property=\"og:image:width\" content=\"1647\" \/>\n\t<meta property=\"og:image:height\" content=\"1121\" \/>\n\t<meta property=\"og:image:type\" content=\"image\/png\" \/>\n<meta name=\"twitter:card\" content=\"summary_large_image\" \/>\n<script type=\"application\/ld+json\" class=\"yoast-schema-graph\">{\"@context\":\"https:\\\/\\\/schema.org\",\"@graph\":[{\"@type\":\"WebPage\",\"@id\":\"https:\\\/\\\/www.sanluisrey.edu.co\\\/new\\\/producto\\\/fruteria-huerto-fresco-sas\\\/\",\"url\":\"https:\\\/\\\/www.sanluisrey.edu.co\\\/new\\\/producto\\\/fruteria-huerto-fresco-sas\\\/\",\"name\":\"Fruteria Huerto Fresco SAS - Colegio San Luis Rey\",\"isPartOf\":{\"@id\":\"https:\\\/\\\/www.sanluisrey.edu.co\\\/new\\\/#website\"},\"datePublished\":\"2020-06-05T15:11:20+00:00\",\"breadcrumb\":{\"@id\":\"https:\\\/\\\/www.sanluisrey.edu.co\\\/new\\\/producto\\\/fruteria-huerto-fresco-sas\\\/#breadcrumb\"},\"inLanguage\":\"es\",\"potentialAction\":[{\"@type\":\"ReadAction\",\"target\":[\"https:\\\/\\\/www.sanluisrey.edu.co\\\/new\\\/producto\\\/fruteria-huerto-fresco-sas\\\/\"]}]},{\"@type\":\"BreadcrumbList\",\"@id\":\"https:\\\/\\\/www.sanluisrey.edu.co\\\/new\\\/producto\\\/fruteria-huerto-fresco-sas\\\/#breadcrumb\",\"itemListElement\":[{\"@type\":\"ListItem\",\"position\":1,\"name\":\"Home\",\"item\":\"https:\\\/\\\/www.sanluisrey.edu.co\\\/new\\\/\"},{\"@type\":\"ListItem\",\"position\":2,\"name\":\"#SanLuisCompraSanLuis\",\"item\":\"https:\\\/\\\/www.sanluisrey.edu.co\\\/new\\\/directorio-empresarial\\\/\"},{\"@type\":\"ListItem\",\"position\":3,\"name\":\"Fruteria Huerto Fresco SAS\"}]},{\"@type\":\"WebSite\",\"@id\":\"https:\\\/\\\/www.sanluisrey.edu.co\\\/new\\\/#website\",\"url\":\"https:\\\/\\\/www.sanluisrey.edu.co\\\/new\\\/\",\"name\":\"Colegio San Luis Rey\",\"description\":\"Comunidad Franciscana Provincia de la Santa Fe\",\"potentialAction\":[{\"@type\":\"SearchAction\",\"target\":{\"@type\":\"EntryPoint\",\"urlTemplate\":\"https:\\\/\\\/www.sanluisrey.edu.co\\\/new\\\/?s={search_term_string}\"},\"query-input\":{\"@type\":\"PropertyValueSpecification\",\"valueRequired\":true,\"valueName\":\"search_term_string\"}}],\"inLanguage\":\"es\"}]}<\/script>\n<!-- \/ Yoast SEO plugin. -->","yoast_head_json":{"title":"Fruteria Huerto Fresco SAS - Colegio San Luis Rey","robots":{"index":"index","follow":"follow","max-snippet":"max-snippet:-1","max-image-preview":"max-image-preview:large","max-video-preview":"max-video-preview:-1"},"canonical":"https:\/\/www.sanluisrey.edu.co\/new\/producto\/fruteria-huerto-fresco-sas\/","og_locale":"es_ES","og_type":"article","og_title":"Fruteria Huerto Fresco SAS - Colegio San Luis Rey","og_description":"Venta de frutas en general, hortalizas, legumbres, vegetales, tambi\u00e9n disponemos de pulpas y frutas en cubos congeladas, de lulo, Maracuy\u00e1, papaya, guan\u00e1bana, tomate de \u00e1rbol, mango, coco, mora, fresa, mandarina, guayaba, pi\u00f1a. Frutas congeladas detox, nutritivos, energizantes, digestivos, etc.  -Kiwi + Manzana verde + Chia  - Fresa + Papaya + Pi\u00f1a + Avena  - Pepino + Pi\u00f1a + Mango + Zabila  - Ar\u00e1ndanos + Uchuva + Guan\u00e1bana + Quinoa  - Datil + Manzana Verde + Kiwi Ciudad: Armenia Domicilio: S\u00ed Sitio web: www.fruteriahuertofresco.com Facebook: https:\/\/web.facebook.com\/Fruter%C3%ADa-Huerto-Fresco-103269564718294 Instagram: @fruteriahuertofresco Tel\u00e9fono: Celular: 3218657333 Correo electr\u00f3nico: fruteriahuertofresco@gmail.com Direcci\u00f3n:","og_url":"https:\/\/www.sanluisrey.edu.co\/new\/producto\/fruteria-huerto-fresco-sas\/","og_site_name":"Colegio San Luis Rey","og_image":[{"width":1647,"height":1121,"url":"https:\/\/www.sanluisrey.edu.co\/new\/wp-content\/uploads\/2020\/06\/fruteria-huerto-fresco.png","type":"image\/png"}],"twitter_card":"summary_large_image","schema":{"@context":"https:\/\/schema.org","@graph":[{"@type":"WebPage","@id":"https:\/\/www.sanluisrey.edu.co\/new\/producto\/fruteria-huerto-fresco-sas\/","url":"https:\/\/www.sanluisrey.edu.co\/new\/producto\/fruteria-huerto-fresco-sas\/","name":"Fruteria Huerto Fresco SAS - Colegio San Luis Rey","isPartOf":{"@id":"https:\/\/www.sanluisrey.edu.co\/new\/#website"},"datePublished":"2020-06-05T15:11:20+00:00","breadcrumb":{"@id":"https:\/\/www.sanluisrey.edu.co\/new\/producto\/fruteria-huerto-fresco-sas\/#breadcrumb"},"inLanguage":"es","potentialAction":[{"@type":"ReadAction","target":["https:\/\/www.sanluisrey.edu.co\/new\/producto\/fruteria-huerto-fresco-sas\/"]}]},{"@type":"BreadcrumbList","@id":"https:\/\/www.sanluisrey.edu.co\/new\/producto\/fruteria-huerto-fresco-sas\/#breadcrumb","itemListElement":[{"@type":"ListItem","position":1,"name":"Home","item":"https:\/\/www.sanluisrey.edu.co\/new\/"},{"@type":"ListItem","position":2,"name":"#SanLuisCompraSanLuis","item":"https:\/\/www.sanluisrey.edu.co\/new\/directorio-empresarial\/"},{"@type":"ListItem","position":3,"name":"Fruteria Huerto Fresco SAS"}]},{"@type":"WebSite","@id":"https:\/\/www.sanluisrey.edu.co\/new\/#website","url":"https:\/\/www.sanluisrey.edu.co\/new\/","name":"Colegio San Luis Rey","description":"Comunidad Franciscana Provincia de la Santa Fe","potentialAction":[{"@type":"SearchAction","target":{"@type":"EntryPoint","urlTemplate":"https:\/\/www.sanluisrey.edu.co\/new\/?s={search_term_string}"},"query-input":{"@type":"PropertyValueSpecification","valueRequired":true,"valueName":"search_term_string"}}],"inLanguage":"es"}]}},"jetpack_sharing_enabled":true,"_links":{"self":[{"href":"https:\/\/www.sanluisrey.edu.co\/new\/wp-json\/wp\/v2\/product\/3448","targetHints":{"allow":["GET"]}}],"collection":[{"href":"https:\/\/www.sanluisrey.edu.co\/new\/wp-json\/wp\/v2\/product"}],"about":[{"href":"https:\/\/www.sanluisrey.edu.co\/new\/wp-json\/wp\/v2\/types\/product"}],"replies":[{"embeddable":true,"href":"https:\/\/www.sanluisrey.edu.co\/new\/wp-json\/wp\/v2\/comments?post=3448"}],"version-history":[{"count":0,"href":"https:\/\/www.sanluisrey.edu.co\/new\/wp-json\/wp\/v2\/product\/3448\/revisions"}],"wp:attachment":[{"href":"https:\/\/www.sanluisrey.edu.co\/new\/wp-json\/wp\/v2\/media?parent=3448"}],"wp:term":[{"taxonomy":"product_brand","embeddable":true,"href":"https:\/\/www.sanluisrey.edu.co\/new\/wp-json\/wp\/v2\/product_brand?post=3448"},{"taxonomy":"product_cat","embeddable":true,"href":"https:\/\/www.sanluisrey.edu.co\/new\/wp-json\/wp\/v2\/product_cat?post=3448"},{"taxonomy":"product_tag","embeddable":true,"href":"https:\/\/www.sanluisrey.edu.co\/new\/wp-json\/wp\/v2\/product_tag?post=3448"}],"curies":[{"name":"wp","href":"https:\/\/api.w.org\/{rel}","templated":true}]}}