{"id":3457,"date":"2020-06-05T10:18:05","date_gmt":"2020-06-05T15:18:05","guid":{"rendered":"http:\/\/www.visualbit.co\/sanluis\/?post_type=product&#038;p=3457"},"modified":"2020-06-05T10:18:06","modified_gmt":"2020-06-05T15:18:06","slug":"todo-estetica-sas","status":"publish","type":"product","link":"https:\/\/www.sanluisrey.edu.co\/new\/producto\/todo-estetica-sas\/","title":{"rendered":"TODO EST\u00c9TICA SAS"},"content":{"rendered":"","protected":false},"excerpt":{"rendered":"<p class=\"p1\">Distribuci\u00f3n de productos y equipos medico est\u00e9ticos y art\u00edculos de bioseguridad como:<br \/>\nTapabocas, caretas, alcohol, gel antibacterial,<br \/>\ntapetes desinfectantes, term\u00f3metros etc.<\/p>\n<p class=\"p1\">Ciudad: ARMENIA<\/p>\n<p class=\"p1\">Domicilio: S\u00ed<\/p>\n<p class=\"p1\">Sitio web: www.todoestetica.com.co<\/p>\n<p class=\"p1\">Facebook: <a href=\"https:\/\/web.facebook.com\/todoesteticaarmenia\">https:\/\/web.facebook.com\/todoesteticaarmenia<\/a><br \/>\nInstagram: <a class=\"sqdOP yWX7d     _8A5w5   ZIAjV \" href=\"https:\/\/www.instagram.com\/todoesteticaarmenia\/\">@todoesteticaarmenia<\/a><\/p>\n<p class=\"p1\">Tel\u00e9fono: 7341420<\/p>\n<p class=\"p1\">Celular: 3168259948<\/p>\n<p class=\"p1\">Correo electr\u00f3nico: administrativo@todoestetica.com.co<\/p>\n<p class=\"p1\">Direcci\u00f3n:<\/p>\n","protected":false},"featured_media":3463,"comment_status":"open","ping_status":"closed","template":"","meta":{"_monsterinsights_skip_tracking":false,"_monsterinsights_sitenote_active":false,"_monsterinsights_sitenote_note":"","_monsterinsights_sitenote_category":0},"product_brand":[],"product_cat":[31],"product_tag":[],"class_list":{"0":"post-3457","1":"product","2":"type-product","3":"status-publish","4":"has-post-thumbnail","6":"product_cat-salud","8":"first","9":"instock","10":"shipping-taxable","11":"product-type-simple"},"yoast_head":"<!-- This site is optimized with the Yoast SEO plugin v27.1.1 - https:\/\/yoast.com\/product\/yoast-seo-wordpress\/ -->\n<title>TODO EST\u00c9TICA SAS - Colegio San Luis Rey<\/title>\n<meta name=\"robots\" content=\"index, follow, max-snippet:-1, max-image-preview:large, max-video-preview:-1\" \/>\n<link rel=\"canonical\" href=\"https:\/\/www.sanluisrey.edu.co\/new\/producto\/todo-estetica-sas\/\" \/>\n<meta property=\"og:locale\" content=\"es_ES\" \/>\n<meta property=\"og:type\" content=\"article\" \/>\n<meta property=\"og:title\" content=\"TODO EST\u00c9TICA SAS - Colegio San Luis Rey\" \/>\n<meta property=\"og:description\" content=\"Distribuci\u00f3n de productos y equipos medico est\u00e9ticos y art\u00edculos de bioseguridad como: Tapabocas, caretas, alcohol, gel antibacterial, tapetes desinfectantes, term\u00f3metros etc. Ciudad: ARMENIA Domicilio: S\u00ed Sitio web: www.todoestetica.com.co Facebook: https:\/\/web.facebook.com\/todoesteticaarmenia Instagram: @todoesteticaarmenia Tel\u00e9fono: 7341420 Celular: 3168259948 Correo electr\u00f3nico: administrativo@todoestetica.com.co Direcci\u00f3n:\" \/>\n<meta property=\"og:url\" content=\"https:\/\/www.sanluisrey.edu.co\/new\/producto\/todo-estetica-sas\/\" \/>\n<meta property=\"og:site_name\" content=\"Colegio San Luis Rey\" \/>\n<meta property=\"article:modified_time\" content=\"2020-06-05T15:18:06+00:00\" \/>\n<meta property=\"og:image\" content=\"https:\/\/www.sanluisrey.edu.co\/new\/wp-content\/uploads\/2020\/06\/LOGO-NUEVO-2017.jpg\" \/>\n\t<meta property=\"og:image:width\" content=\"758\" \/>\n\t<meta property=\"og:image:height\" content=\"824\" \/>\n\t<meta property=\"og:image:type\" content=\"image\/jpeg\" \/>\n<meta name=\"twitter:card\" content=\"summary_large_image\" \/>\n<script type=\"application\/ld+json\" class=\"yoast-schema-graph\">{\"@context\":\"https:\/\/schema.org\",\"@graph\":[{\"@type\":\"WebPage\",\"@id\":\"https:\/\/www.sanluisrey.edu.co\/new\/producto\/todo-estetica-sas\/\",\"url\":\"https:\/\/www.sanluisrey.edu.co\/new\/producto\/todo-estetica-sas\/\",\"name\":\"TODO EST\u00c9TICA SAS - Colegio San Luis Rey\",\"isPartOf\":{\"@id\":\"https:\/\/www.sanluisrey.edu.co\/new\/#website\"},\"primaryImageOfPage\":{\"@id\":\"https:\/\/www.sanluisrey.edu.co\/new\/producto\/todo-estetica-sas\/#primaryimage\"},\"image\":{\"@id\":\"https:\/\/www.sanluisrey.edu.co\/new\/producto\/todo-estetica-sas\/#primaryimage\"},\"thumbnailUrl\":\"https:\/\/www.sanluisrey.edu.co\/new\/wp-content\/uploads\/2020\/06\/LOGO-NUEVO-2017.jpg\",\"datePublished\":\"2020-06-05T15:18:05+00:00\",\"dateModified\":\"2020-06-05T15:18:06+00:00\",\"breadcrumb\":{\"@id\":\"https:\/\/www.sanluisrey.edu.co\/new\/producto\/todo-estetica-sas\/#breadcrumb\"},\"inLanguage\":\"es\",\"potentialAction\":[{\"@type\":\"ReadAction\",\"target\":[\"https:\/\/www.sanluisrey.edu.co\/new\/producto\/todo-estetica-sas\/\"]}]},{\"@type\":\"ImageObject\",\"inLanguage\":\"es\",\"@id\":\"https:\/\/www.sanluisrey.edu.co\/new\/producto\/todo-estetica-sas\/#primaryimage\",\"url\":\"https:\/\/www.sanluisrey.edu.co\/new\/wp-content\/uploads\/2020\/06\/LOGO-NUEVO-2017.jpg\",\"contentUrl\":\"https:\/\/www.sanluisrey.edu.co\/new\/wp-content\/uploads\/2020\/06\/LOGO-NUEVO-2017.jpg\",\"width\":758,\"height\":824},{\"@type\":\"BreadcrumbList\",\"@id\":\"https:\/\/www.sanluisrey.edu.co\/new\/producto\/todo-estetica-sas\/#breadcrumb\",\"itemListElement\":[{\"@type\":\"ListItem\",\"position\":1,\"name\":\"Home\",\"item\":\"https:\/\/www.sanluisrey.edu.co\/new\/\"},{\"@type\":\"ListItem\",\"position\":2,\"name\":\"#SanLuisCompraSanLuis\",\"item\":\"https:\/\/www.sanluisrey.edu.co\/new\/directorio-empresarial\/\"},{\"@type\":\"ListItem\",\"position\":3,\"name\":\"TODO EST\u00c9TICA SAS\"}]},{\"@type\":\"WebSite\",\"@id\":\"https:\/\/www.sanluisrey.edu.co\/new\/#website\",\"url\":\"https:\/\/www.sanluisrey.edu.co\/new\/\",\"name\":\"Colegio San Luis Rey\",\"description\":\"Comunidad Franciscana Provincia de la Santa Fe\",\"potentialAction\":[{\"@type\":\"SearchAction\",\"target\":{\"@type\":\"EntryPoint\",\"urlTemplate\":\"https:\/\/www.sanluisrey.edu.co\/new\/?s={search_term_string}\"},\"query-input\":{\"@type\":\"PropertyValueSpecification\",\"valueRequired\":true,\"valueName\":\"search_term_string\"}}],\"inLanguage\":\"es\"}]}<\/script>\n<!-- \/ Yoast SEO plugin. -->","yoast_head_json":{"title":"TODO EST\u00c9TICA SAS - Colegio San Luis Rey","robots":{"index":"index","follow":"follow","max-snippet":"max-snippet:-1","max-image-preview":"max-image-preview:large","max-video-preview":"max-video-preview:-1"},"canonical":"https:\/\/www.sanluisrey.edu.co\/new\/producto\/todo-estetica-sas\/","og_locale":"es_ES","og_type":"article","og_title":"TODO EST\u00c9TICA SAS - Colegio San Luis Rey","og_description":"Distribuci\u00f3n de productos y equipos medico est\u00e9ticos y art\u00edculos de bioseguridad como: Tapabocas, caretas, alcohol, gel antibacterial, tapetes desinfectantes, term\u00f3metros etc. Ciudad: ARMENIA Domicilio: S\u00ed Sitio web: www.todoestetica.com.co Facebook: https:\/\/web.facebook.com\/todoesteticaarmenia Instagram: @todoesteticaarmenia Tel\u00e9fono: 7341420 Celular: 3168259948 Correo electr\u00f3nico: administrativo@todoestetica.com.co Direcci\u00f3n:","og_url":"https:\/\/www.sanluisrey.edu.co\/new\/producto\/todo-estetica-sas\/","og_site_name":"Colegio San Luis Rey","article_modified_time":"2020-06-05T15:18:06+00:00","og_image":[{"width":758,"height":824,"url":"https:\/\/www.sanluisrey.edu.co\/new\/wp-content\/uploads\/2020\/06\/LOGO-NUEVO-2017.jpg","type":"image\/jpeg"}],"twitter_card":"summary_large_image","schema":{"@context":"https:\/\/schema.org","@graph":[{"@type":"WebPage","@id":"https:\/\/www.sanluisrey.edu.co\/new\/producto\/todo-estetica-sas\/","url":"https:\/\/www.sanluisrey.edu.co\/new\/producto\/todo-estetica-sas\/","name":"TODO EST\u00c9TICA SAS - Colegio San Luis Rey","isPartOf":{"@id":"https:\/\/www.sanluisrey.edu.co\/new\/#website"},"primaryImageOfPage":{"@id":"https:\/\/www.sanluisrey.edu.co\/new\/producto\/todo-estetica-sas\/#primaryimage"},"image":{"@id":"https:\/\/www.sanluisrey.edu.co\/new\/producto\/todo-estetica-sas\/#primaryimage"},"thumbnailUrl":"https:\/\/www.sanluisrey.edu.co\/new\/wp-content\/uploads\/2020\/06\/LOGO-NUEVO-2017.jpg","datePublished":"2020-06-05T15:18:05+00:00","dateModified":"2020-06-05T15:18:06+00:00","breadcrumb":{"@id":"https:\/\/www.sanluisrey.edu.co\/new\/producto\/todo-estetica-sas\/#breadcrumb"},"inLanguage":"es","potentialAction":[{"@type":"ReadAction","target":["https:\/\/www.sanluisrey.edu.co\/new\/producto\/todo-estetica-sas\/"]}]},{"@type":"ImageObject","inLanguage":"es","@id":"https:\/\/www.sanluisrey.edu.co\/new\/producto\/todo-estetica-sas\/#primaryimage","url":"https:\/\/www.sanluisrey.edu.co\/new\/wp-content\/uploads\/2020\/06\/LOGO-NUEVO-2017.jpg","contentUrl":"https:\/\/www.sanluisrey.edu.co\/new\/wp-content\/uploads\/2020\/06\/LOGO-NUEVO-2017.jpg","width":758,"height":824},{"@type":"BreadcrumbList","@id":"https:\/\/www.sanluisrey.edu.co\/new\/producto\/todo-estetica-sas\/#breadcrumb","itemListElement":[{"@type":"ListItem","position":1,"name":"Home","item":"https:\/\/www.sanluisrey.edu.co\/new\/"},{"@type":"ListItem","position":2,"name":"#SanLuisCompraSanLuis","item":"https:\/\/www.sanluisrey.edu.co\/new\/directorio-empresarial\/"},{"@type":"ListItem","position":3,"name":"TODO EST\u00c9TICA SAS"}]},{"@type":"WebSite","@id":"https:\/\/www.sanluisrey.edu.co\/new\/#website","url":"https:\/\/www.sanluisrey.edu.co\/new\/","name":"Colegio San Luis Rey","description":"Comunidad Franciscana Provincia de la Santa Fe","potentialAction":[{"@type":"SearchAction","target":{"@type":"EntryPoint","urlTemplate":"https:\/\/www.sanluisrey.edu.co\/new\/?s={search_term_string}"},"query-input":{"@type":"PropertyValueSpecification","valueRequired":true,"valueName":"search_term_string"}}],"inLanguage":"es"}]}},"jetpack_sharing_enabled":true,"_links":{"self":[{"href":"https:\/\/www.sanluisrey.edu.co\/new\/wp-json\/wp\/v2\/product\/3457","targetHints":{"allow":["GET"]}}],"collection":[{"href":"https:\/\/www.sanluisrey.edu.co\/new\/wp-json\/wp\/v2\/product"}],"about":[{"href":"https:\/\/www.sanluisrey.edu.co\/new\/wp-json\/wp\/v2\/types\/product"}],"replies":[{"embeddable":true,"href":"https:\/\/www.sanluisrey.edu.co\/new\/wp-json\/wp\/v2\/comments?post=3457"}],"version-history":[{"count":0,"href":"https:\/\/www.sanluisrey.edu.co\/new\/wp-json\/wp\/v2\/product\/3457\/revisions"}],"wp:featuredmedia":[{"embeddable":true,"href":"https:\/\/www.sanluisrey.edu.co\/new\/wp-json\/wp\/v2\/media\/3463"}],"wp:attachment":[{"href":"https:\/\/www.sanluisrey.edu.co\/new\/wp-json\/wp\/v2\/media?parent=3457"}],"wp:term":[{"taxonomy":"product_brand","embeddable":true,"href":"https:\/\/www.sanluisrey.edu.co\/new\/wp-json\/wp\/v2\/product_brand?post=3457"},{"taxonomy":"product_cat","embeddable":true,"href":"https:\/\/www.sanluisrey.edu.co\/new\/wp-json\/wp\/v2\/product_cat?post=3457"},{"taxonomy":"product_tag","embeddable":true,"href":"https:\/\/www.sanluisrey.edu.co\/new\/wp-json\/wp\/v2\/product_tag?post=3457"}],"curies":[{"name":"wp","href":"https:\/\/api.w.org\/{rel}","templated":true}]}}