{"id":4357,"date":"2020-06-08T12:00:11","date_gmt":"2020-06-08T17:00:11","guid":{"rendered":"https:\/\/www.visualbit.co\/sanluis\/?post_type=product&#038;p=4357"},"modified":"2020-06-08T12:00:11","modified_gmt":"2020-06-08T17:00:11","slug":"victoana-tour","status":"publish","type":"product","link":"https:\/\/www.sanluisrey.edu.co\/new\/producto\/victoana-tour\/","title":{"rendered":"VICTOANA TOUR"},"content":{"rendered":"","protected":false},"excerpt":{"rendered":"<p>Soy especialista en servicios aut\u00e9nticos, para extranjeros.<br \/>\nActividades personalizadas para ellos.<\/p>\n<p class=\"p1\">-Paquetes tur\u00edsticos en el eje cafetero<br \/>\n-Pasaportes a parques tem\u00e1ticos de la region.<br \/>\n-Alquiler de fincas tur\u00edsticas: Estad\u00edas, Pasad\u00edas.<br \/>\n-Tours de caf\u00e9 personalizados.<br \/>\n-Guianzas en Ingles, franc\u00e9s, espa\u00f1ol.<br \/>\n-Deportes: Parapente, balsaje, cabalgatas en campos frutales, Globo, caminatas ecol\u00f3gicas, rutas ecol\u00f3gicas en bicicleta.<\/p>\n<p class=\"p1\">Ciudad: Armenia<\/p>\n<p class=\"p1\">Domicilio: S\u00ed<\/p>\n<p class=\"p1\">Sitio web: <a href=\"http:\/\/www.victoanatour.com\">www.victoanatour.com<\/a><\/p>\n<p class=\"p1\">Facebook: <a href=\"https:\/\/web.facebook.com\/victoanatour\/\">https:\/\/web.facebook.com\/victoanatour\/<\/a><br \/>\nInstagram: <a class=\"sqdOP yWX7d     _8A5w5   ZIAjV \" href=\"https:\/\/www.instagram.com\/victoanatour\/\">@victoanatour<\/a><\/p>\n<p class=\"p1\">Celular: 3007687001<\/p>\n<p class=\"p1\">Correo electr\u00f3nico: infovictoanatour@gmail.com<\/p>\n","protected":false},"featured_media":4363,"comment_status":"open","ping_status":"closed","template":"","meta":{"_monsterinsights_skip_tracking":false,"_monsterinsights_sitenote_active":false,"_monsterinsights_sitenote_note":"","_monsterinsights_sitenote_category":0},"product_brand":[],"product_cat":[126],"product_tag":[],"class_list":{"0":"post-4357","1":"product","2":"type-product","3":"status-publish","4":"has-post-thumbnail","6":"product_cat-turismo","8":"first","9":"instock","10":"shipping-taxable","11":"product-type-simple"},"yoast_head":"<!-- This site is optimized with the Yoast SEO plugin v27.4 - https:\/\/yoast.com\/product\/yoast-seo-wordpress\/ -->\n<title>VICTOANA TOUR - Colegio San Luis Rey<\/title>\n<meta name=\"robots\" content=\"index, follow, max-snippet:-1, max-image-preview:large, max-video-preview:-1\" \/>\n<link rel=\"canonical\" href=\"https:\/\/www.sanluisrey.edu.co\/new\/producto\/victoana-tour\/\" \/>\n<meta property=\"og:locale\" content=\"es_ES\" \/>\n<meta property=\"og:type\" content=\"article\" \/>\n<meta property=\"og:title\" content=\"VICTOANA TOUR - Colegio San Luis Rey\" \/>\n<meta property=\"og:description\" content=\"Soy especialista en servicios aut\u00e9nticos, para extranjeros. Actividades personalizadas para ellos. -Paquetes tur\u00edsticos en el eje cafetero -Pasaportes a parques tem\u00e1ticos de la region. -Alquiler de fincas tur\u00edsticas: Estad\u00edas, Pasad\u00edas. -Tours de caf\u00e9 personalizados. -Guianzas en Ingles, franc\u00e9s, espa\u00f1ol. -Deportes: Parapente, balsaje, cabalgatas en campos frutales, Globo, caminatas ecol\u00f3gicas, rutas ecol\u00f3gicas en bicicleta. Ciudad: Armenia Domicilio: S\u00ed Sitio web: www.victoanatour.com Facebook: https:\/\/web.facebook.com\/victoanatour\/ Instagram: @victoanatour Celular: 3007687001 Correo electr\u00f3nico: infovictoanatour@gmail.com\" \/>\n<meta property=\"og:url\" content=\"https:\/\/www.sanluisrey.edu.co\/new\/producto\/victoana-tour\/\" \/>\n<meta property=\"og:site_name\" content=\"Colegio San Luis Rey\" \/>\n<meta property=\"og:image\" content=\"https:\/\/www.sanluisrey.edu.co\/new\/wp-content\/uploads\/2020\/06\/1588346403618_02-VICTOANA-LOGO-COLOR-JUNIO-09.png\" \/>\n\t<meta property=\"og:image:width\" content=\"4808\" \/>\n\t<meta property=\"og:image:height\" content=\"2191\" \/>\n\t<meta property=\"og:image:type\" content=\"image\/png\" \/>\n<meta name=\"twitter:card\" content=\"summary_large_image\" \/>\n<script type=\"application\/ld+json\" class=\"yoast-schema-graph\">{\"@context\":\"https:\\\/\\\/schema.org\",\"@graph\":[{\"@type\":\"WebPage\",\"@id\":\"https:\\\/\\\/www.sanluisrey.edu.co\\\/new\\\/producto\\\/victoana-tour\\\/\",\"url\":\"https:\\\/\\\/www.sanluisrey.edu.co\\\/new\\\/producto\\\/victoana-tour\\\/\",\"name\":\"VICTOANA TOUR - Colegio San Luis Rey\",\"isPartOf\":{\"@id\":\"https:\\\/\\\/www.sanluisrey.edu.co\\\/new\\\/#website\"},\"primaryImageOfPage\":{\"@id\":\"https:\\\/\\\/www.sanluisrey.edu.co\\\/new\\\/producto\\\/victoana-tour\\\/#primaryimage\"},\"image\":{\"@id\":\"https:\\\/\\\/www.sanluisrey.edu.co\\\/new\\\/producto\\\/victoana-tour\\\/#primaryimage\"},\"thumbnailUrl\":\"https:\\\/\\\/www.sanluisrey.edu.co\\\/new\\\/wp-content\\\/uploads\\\/2020\\\/06\\\/1588346403618_02-VICTOANA-LOGO-COLOR-JUNIO-09.png\",\"datePublished\":\"2020-06-08T17:00:11+00:00\",\"breadcrumb\":{\"@id\":\"https:\\\/\\\/www.sanluisrey.edu.co\\\/new\\\/producto\\\/victoana-tour\\\/#breadcrumb\"},\"inLanguage\":\"es\",\"potentialAction\":[{\"@type\":\"ReadAction\",\"target\":[\"https:\\\/\\\/www.sanluisrey.edu.co\\\/new\\\/producto\\\/victoana-tour\\\/\"]}]},{\"@type\":\"ImageObject\",\"inLanguage\":\"es\",\"@id\":\"https:\\\/\\\/www.sanluisrey.edu.co\\\/new\\\/producto\\\/victoana-tour\\\/#primaryimage\",\"url\":\"https:\\\/\\\/www.sanluisrey.edu.co\\\/new\\\/wp-content\\\/uploads\\\/2020\\\/06\\\/1588346403618_02-VICTOANA-LOGO-COLOR-JUNIO-09.png\",\"contentUrl\":\"https:\\\/\\\/www.sanluisrey.edu.co\\\/new\\\/wp-content\\\/uploads\\\/2020\\\/06\\\/1588346403618_02-VICTOANA-LOGO-COLOR-JUNIO-09.png\",\"width\":4808,\"height\":2191},{\"@type\":\"BreadcrumbList\",\"@id\":\"https:\\\/\\\/www.sanluisrey.edu.co\\\/new\\\/producto\\\/victoana-tour\\\/#breadcrumb\",\"itemListElement\":[{\"@type\":\"ListItem\",\"position\":1,\"name\":\"Home\",\"item\":\"https:\\\/\\\/www.sanluisrey.edu.co\\\/new\\\/\"},{\"@type\":\"ListItem\",\"position\":2,\"name\":\"#SanLuisCompraSanLuis\",\"item\":\"https:\\\/\\\/www.sanluisrey.edu.co\\\/new\\\/directorio-empresarial\\\/\"},{\"@type\":\"ListItem\",\"position\":3,\"name\":\"VICTOANA TOUR\"}]},{\"@type\":\"WebSite\",\"@id\":\"https:\\\/\\\/www.sanluisrey.edu.co\\\/new\\\/#website\",\"url\":\"https:\\\/\\\/www.sanluisrey.edu.co\\\/new\\\/\",\"name\":\"Colegio San Luis Rey\",\"description\":\"Comunidad Franciscana Provincia de la Santa Fe\",\"potentialAction\":[{\"@type\":\"SearchAction\",\"target\":{\"@type\":\"EntryPoint\",\"urlTemplate\":\"https:\\\/\\\/www.sanluisrey.edu.co\\\/new\\\/?s={search_term_string}\"},\"query-input\":{\"@type\":\"PropertyValueSpecification\",\"valueRequired\":true,\"valueName\":\"search_term_string\"}}],\"inLanguage\":\"es\"}]}<\/script>\n<!-- \/ Yoast SEO plugin. -->","yoast_head_json":{"title":"VICTOANA TOUR - Colegio San Luis Rey","robots":{"index":"index","follow":"follow","max-snippet":"max-snippet:-1","max-image-preview":"max-image-preview:large","max-video-preview":"max-video-preview:-1"},"canonical":"https:\/\/www.sanluisrey.edu.co\/new\/producto\/victoana-tour\/","og_locale":"es_ES","og_type":"article","og_title":"VICTOANA TOUR - Colegio San Luis Rey","og_description":"Soy especialista en servicios aut\u00e9nticos, para extranjeros. Actividades personalizadas para ellos. -Paquetes tur\u00edsticos en el eje cafetero -Pasaportes a parques tem\u00e1ticos de la region. -Alquiler de fincas tur\u00edsticas: Estad\u00edas, Pasad\u00edas. -Tours de caf\u00e9 personalizados. -Guianzas en Ingles, franc\u00e9s, espa\u00f1ol. -Deportes: Parapente, balsaje, cabalgatas en campos frutales, Globo, caminatas ecol\u00f3gicas, rutas ecol\u00f3gicas en bicicleta. Ciudad: Armenia Domicilio: S\u00ed Sitio web: www.victoanatour.com Facebook: https:\/\/web.facebook.com\/victoanatour\/ Instagram: @victoanatour Celular: 3007687001 Correo electr\u00f3nico: infovictoanatour@gmail.com","og_url":"https:\/\/www.sanluisrey.edu.co\/new\/producto\/victoana-tour\/","og_site_name":"Colegio San Luis Rey","og_image":[{"width":4808,"height":2191,"url":"https:\/\/www.sanluisrey.edu.co\/new\/wp-content\/uploads\/2020\/06\/1588346403618_02-VICTOANA-LOGO-COLOR-JUNIO-09.png","type":"image\/png"}],"twitter_card":"summary_large_image","schema":{"@context":"https:\/\/schema.org","@graph":[{"@type":"WebPage","@id":"https:\/\/www.sanluisrey.edu.co\/new\/producto\/victoana-tour\/","url":"https:\/\/www.sanluisrey.edu.co\/new\/producto\/victoana-tour\/","name":"VICTOANA TOUR - Colegio San Luis Rey","isPartOf":{"@id":"https:\/\/www.sanluisrey.edu.co\/new\/#website"},"primaryImageOfPage":{"@id":"https:\/\/www.sanluisrey.edu.co\/new\/producto\/victoana-tour\/#primaryimage"},"image":{"@id":"https:\/\/www.sanluisrey.edu.co\/new\/producto\/victoana-tour\/#primaryimage"},"thumbnailUrl":"https:\/\/www.sanluisrey.edu.co\/new\/wp-content\/uploads\/2020\/06\/1588346403618_02-VICTOANA-LOGO-COLOR-JUNIO-09.png","datePublished":"2020-06-08T17:00:11+00:00","breadcrumb":{"@id":"https:\/\/www.sanluisrey.edu.co\/new\/producto\/victoana-tour\/#breadcrumb"},"inLanguage":"es","potentialAction":[{"@type":"ReadAction","target":["https:\/\/www.sanluisrey.edu.co\/new\/producto\/victoana-tour\/"]}]},{"@type":"ImageObject","inLanguage":"es","@id":"https:\/\/www.sanluisrey.edu.co\/new\/producto\/victoana-tour\/#primaryimage","url":"https:\/\/www.sanluisrey.edu.co\/new\/wp-content\/uploads\/2020\/06\/1588346403618_02-VICTOANA-LOGO-COLOR-JUNIO-09.png","contentUrl":"https:\/\/www.sanluisrey.edu.co\/new\/wp-content\/uploads\/2020\/06\/1588346403618_02-VICTOANA-LOGO-COLOR-JUNIO-09.png","width":4808,"height":2191},{"@type":"BreadcrumbList","@id":"https:\/\/www.sanluisrey.edu.co\/new\/producto\/victoana-tour\/#breadcrumb","itemListElement":[{"@type":"ListItem","position":1,"name":"Home","item":"https:\/\/www.sanluisrey.edu.co\/new\/"},{"@type":"ListItem","position":2,"name":"#SanLuisCompraSanLuis","item":"https:\/\/www.sanluisrey.edu.co\/new\/directorio-empresarial\/"},{"@type":"ListItem","position":3,"name":"VICTOANA TOUR"}]},{"@type":"WebSite","@id":"https:\/\/www.sanluisrey.edu.co\/new\/#website","url":"https:\/\/www.sanluisrey.edu.co\/new\/","name":"Colegio San Luis Rey","description":"Comunidad Franciscana Provincia de la Santa Fe","potentialAction":[{"@type":"SearchAction","target":{"@type":"EntryPoint","urlTemplate":"https:\/\/www.sanluisrey.edu.co\/new\/?s={search_term_string}"},"query-input":{"@type":"PropertyValueSpecification","valueRequired":true,"valueName":"search_term_string"}}],"inLanguage":"es"}]}},"jetpack_sharing_enabled":true,"_links":{"self":[{"href":"https:\/\/www.sanluisrey.edu.co\/new\/wp-json\/wp\/v2\/product\/4357","targetHints":{"allow":["GET"]}}],"collection":[{"href":"https:\/\/www.sanluisrey.edu.co\/new\/wp-json\/wp\/v2\/product"}],"about":[{"href":"https:\/\/www.sanluisrey.edu.co\/new\/wp-json\/wp\/v2\/types\/product"}],"replies":[{"embeddable":true,"href":"https:\/\/www.sanluisrey.edu.co\/new\/wp-json\/wp\/v2\/comments?post=4357"}],"version-history":[{"count":0,"href":"https:\/\/www.sanluisrey.edu.co\/new\/wp-json\/wp\/v2\/product\/4357\/revisions"}],"wp:featuredmedia":[{"embeddable":true,"href":"https:\/\/www.sanluisrey.edu.co\/new\/wp-json\/wp\/v2\/media\/4363"}],"wp:attachment":[{"href":"https:\/\/www.sanluisrey.edu.co\/new\/wp-json\/wp\/v2\/media?parent=4357"}],"wp:term":[{"taxonomy":"product_brand","embeddable":true,"href":"https:\/\/www.sanluisrey.edu.co\/new\/wp-json\/wp\/v2\/product_brand?post=4357"},{"taxonomy":"product_cat","embeddable":true,"href":"https:\/\/www.sanluisrey.edu.co\/new\/wp-json\/wp\/v2\/product_cat?post=4357"},{"taxonomy":"product_tag","embeddable":true,"href":"https:\/\/www.sanluisrey.edu.co\/new\/wp-json\/wp\/v2\/product_tag?post=4357"}],"curies":[{"name":"wp","href":"https:\/\/api.w.org\/{rel}","templated":true}]}}