{"id":4534,"date":"2020-06-11T16:19:55","date_gmt":"2020-06-11T21:19:55","guid":{"rendered":"https:\/\/www.sanluisrey.edu.co\/new\/?post_type=product&#038;p=4534"},"modified":"2020-06-11T16:34:53","modified_gmt":"2020-06-11T21:34:53","slug":"comprasegura-co","status":"publish","type":"product","link":"https:\/\/www.sanluisrey.edu.co\/new\/producto\/comprasegura-co\/","title":{"rendered":"Comprasegura.co"},"content":{"rendered":"","protected":false},"excerpt":{"rendered":"<p>Somos una importadora de productos de China, comercializamos art\u00edculos tecnol\u00f3gicos de bajo costo, novedosos y port\u00e1tiles, ventas al por mayor y al detal.<\/p>\n<p>&nbsp;<\/p>\n<p>&nbsp;<\/p>\n<p>Compras y en casa pagas, la nueva forma r\u00e1pida y segura de adquirir todo tipo de productos.<br \/>\nNuestro lema: <span style=\"color: #800000;\"><strong>Todo lo que buscas en la puerta de tu casa!<\/strong><\/span><\/p>\n<p class=\"p1\">Ciudad: Armenia &#8211; Eje Cafetero<\/p>\n<p class=\"p1\">Domicilio: S\u00ed<\/p>\n<p class=\"p1\">Celular:\u00a0 (+57) 316 452-5310<\/p>\n<p class=\"p1\">Correo electr\u00f3nico: jairohurtado@hotmail.com<\/p>\n<p class=\"p1\">Direcci\u00f3n:Calle 44N # 13-01<\/p>\n<p>Instagram: @comprasegura.co<\/p>\n","protected":false},"featured_media":4535,"comment_status":"open","ping_status":"closed","template":"","meta":{"_monsterinsights_skip_tracking":false,"_monsterinsights_sitenote_active":false,"_monsterinsights_sitenote_note":"","_monsterinsights_sitenote_category":0},"product_brand":[],"product_cat":[129],"product_tag":[],"class_list":{"0":"post-4534","1":"product","2":"type-product","3":"status-publish","4":"has-post-thumbnail","6":"product_cat-tecnologia-hobbies","8":"first","9":"instock","10":"shipping-taxable","11":"product-type-simple"},"yoast_head":"<!-- This site is optimized with the Yoast SEO plugin v27.1.1 - https:\/\/yoast.com\/product\/yoast-seo-wordpress\/ -->\n<title>Comprasegura.co - Colegio San Luis Rey<\/title>\n<meta name=\"robots\" content=\"index, follow, max-snippet:-1, max-image-preview:large, max-video-preview:-1\" \/>\n<link rel=\"canonical\" href=\"https:\/\/www.sanluisrey.edu.co\/new\/producto\/comprasegura-co\/\" \/>\n<meta property=\"og:locale\" content=\"es_ES\" \/>\n<meta property=\"og:type\" content=\"article\" \/>\n<meta property=\"og:title\" content=\"Comprasegura.co - Colegio San Luis Rey\" \/>\n<meta property=\"og:description\" content=\"Somos una importadora de productos de China, comercializamos art\u00edculos tecnol\u00f3gicos de bajo costo, novedosos y port\u00e1tiles, ventas al por mayor y al detal.  &nbsp;  &nbsp;  Compras y en casa pagas, la nueva forma r\u00e1pida y segura de adquirir todo tipo de productos. Nuestro lema: Todo lo que buscas en la puerta de tu casa! Ciudad: Armenia - Eje Cafetero Domicilio: S\u00ed Celular:\u00a0 (+57) 316 452-5310 Correo electr\u00f3nico: jairohurtado@hotmail.com Direcci\u00f3n:Calle 44N # 13-01 Instagram: @comprasegura.co\" \/>\n<meta property=\"og:url\" content=\"https:\/\/www.sanluisrey.edu.co\/new\/producto\/comprasegura-co\/\" \/>\n<meta property=\"og:site_name\" content=\"Colegio San Luis Rey\" \/>\n<meta property=\"article:modified_time\" content=\"2020-06-11T21:34:53+00:00\" \/>\n<meta property=\"og:image\" content=\"https:\/\/www.sanluisrey.edu.co\/new\/wp-content\/uploads\/2020\/06\/06-1.jpg\" \/>\n\t<meta property=\"og:image:width\" content=\"640\" \/>\n\t<meta property=\"og:image:height\" content=\"727\" \/>\n\t<meta property=\"og:image:type\" content=\"image\/jpeg\" \/>\n<meta name=\"twitter:card\" content=\"summary_large_image\" \/>\n<script type=\"application\/ld+json\" class=\"yoast-schema-graph\">{\"@context\":\"https:\/\/schema.org\",\"@graph\":[{\"@type\":\"WebPage\",\"@id\":\"https:\/\/www.sanluisrey.edu.co\/new\/producto\/comprasegura-co\/\",\"url\":\"https:\/\/www.sanluisrey.edu.co\/new\/producto\/comprasegura-co\/\",\"name\":\"Comprasegura.co - Colegio San Luis Rey\",\"isPartOf\":{\"@id\":\"https:\/\/www.sanluisrey.edu.co\/new\/#website\"},\"primaryImageOfPage\":{\"@id\":\"https:\/\/www.sanluisrey.edu.co\/new\/producto\/comprasegura-co\/#primaryimage\"},\"image\":{\"@id\":\"https:\/\/www.sanluisrey.edu.co\/new\/producto\/comprasegura-co\/#primaryimage\"},\"thumbnailUrl\":\"https:\/\/www.sanluisrey.edu.co\/new\/wp-content\/uploads\/2020\/06\/06-1.jpg\",\"datePublished\":\"2020-06-11T21:19:55+00:00\",\"dateModified\":\"2020-06-11T21:34:53+00:00\",\"breadcrumb\":{\"@id\":\"https:\/\/www.sanluisrey.edu.co\/new\/producto\/comprasegura-co\/#breadcrumb\"},\"inLanguage\":\"es\",\"potentialAction\":[{\"@type\":\"ReadAction\",\"target\":[\"https:\/\/www.sanluisrey.edu.co\/new\/producto\/comprasegura-co\/\"]}]},{\"@type\":\"ImageObject\",\"inLanguage\":\"es\",\"@id\":\"https:\/\/www.sanluisrey.edu.co\/new\/producto\/comprasegura-co\/#primaryimage\",\"url\":\"https:\/\/www.sanluisrey.edu.co\/new\/wp-content\/uploads\/2020\/06\/06-1.jpg\",\"contentUrl\":\"https:\/\/www.sanluisrey.edu.co\/new\/wp-content\/uploads\/2020\/06\/06-1.jpg\",\"width\":640,\"height\":727},{\"@type\":\"BreadcrumbList\",\"@id\":\"https:\/\/www.sanluisrey.edu.co\/new\/producto\/comprasegura-co\/#breadcrumb\",\"itemListElement\":[{\"@type\":\"ListItem\",\"position\":1,\"name\":\"Home\",\"item\":\"https:\/\/www.sanluisrey.edu.co\/new\/\"},{\"@type\":\"ListItem\",\"position\":2,\"name\":\"#SanLuisCompraSanLuis\",\"item\":\"https:\/\/www.sanluisrey.edu.co\/new\/directorio-empresarial\/\"},{\"@type\":\"ListItem\",\"position\":3,\"name\":\"Comprasegura.co\"}]},{\"@type\":\"WebSite\",\"@id\":\"https:\/\/www.sanluisrey.edu.co\/new\/#website\",\"url\":\"https:\/\/www.sanluisrey.edu.co\/new\/\",\"name\":\"Colegio San Luis Rey\",\"description\":\"Comunidad Franciscana Provincia de la Santa Fe\",\"potentialAction\":[{\"@type\":\"SearchAction\",\"target\":{\"@type\":\"EntryPoint\",\"urlTemplate\":\"https:\/\/www.sanluisrey.edu.co\/new\/?s={search_term_string}\"},\"query-input\":{\"@type\":\"PropertyValueSpecification\",\"valueRequired\":true,\"valueName\":\"search_term_string\"}}],\"inLanguage\":\"es\"}]}<\/script>\n<!-- \/ Yoast SEO plugin. -->","yoast_head_json":{"title":"Comprasegura.co - Colegio San Luis Rey","robots":{"index":"index","follow":"follow","max-snippet":"max-snippet:-1","max-image-preview":"max-image-preview:large","max-video-preview":"max-video-preview:-1"},"canonical":"https:\/\/www.sanluisrey.edu.co\/new\/producto\/comprasegura-co\/","og_locale":"es_ES","og_type":"article","og_title":"Comprasegura.co - Colegio San Luis Rey","og_description":"Somos una importadora de productos de China, comercializamos art\u00edculos tecnol\u00f3gicos de bajo costo, novedosos y port\u00e1tiles, ventas al por mayor y al detal.  &nbsp;  &nbsp;  Compras y en casa pagas, la nueva forma r\u00e1pida y segura de adquirir todo tipo de productos. Nuestro lema: Todo lo que buscas en la puerta de tu casa! Ciudad: Armenia - Eje Cafetero Domicilio: S\u00ed Celular:\u00a0 (+57) 316 452-5310 Correo electr\u00f3nico: jairohurtado@hotmail.com Direcci\u00f3n:Calle 44N # 13-01 Instagram: @comprasegura.co","og_url":"https:\/\/www.sanluisrey.edu.co\/new\/producto\/comprasegura-co\/","og_site_name":"Colegio San Luis Rey","article_modified_time":"2020-06-11T21:34:53+00:00","og_image":[{"width":640,"height":727,"url":"https:\/\/www.sanluisrey.edu.co\/new\/wp-content\/uploads\/2020\/06\/06-1.jpg","type":"image\/jpeg"}],"twitter_card":"summary_large_image","schema":{"@context":"https:\/\/schema.org","@graph":[{"@type":"WebPage","@id":"https:\/\/www.sanluisrey.edu.co\/new\/producto\/comprasegura-co\/","url":"https:\/\/www.sanluisrey.edu.co\/new\/producto\/comprasegura-co\/","name":"Comprasegura.co - Colegio San Luis Rey","isPartOf":{"@id":"https:\/\/www.sanluisrey.edu.co\/new\/#website"},"primaryImageOfPage":{"@id":"https:\/\/www.sanluisrey.edu.co\/new\/producto\/comprasegura-co\/#primaryimage"},"image":{"@id":"https:\/\/www.sanluisrey.edu.co\/new\/producto\/comprasegura-co\/#primaryimage"},"thumbnailUrl":"https:\/\/www.sanluisrey.edu.co\/new\/wp-content\/uploads\/2020\/06\/06-1.jpg","datePublished":"2020-06-11T21:19:55+00:00","dateModified":"2020-06-11T21:34:53+00:00","breadcrumb":{"@id":"https:\/\/www.sanluisrey.edu.co\/new\/producto\/comprasegura-co\/#breadcrumb"},"inLanguage":"es","potentialAction":[{"@type":"ReadAction","target":["https:\/\/www.sanluisrey.edu.co\/new\/producto\/comprasegura-co\/"]}]},{"@type":"ImageObject","inLanguage":"es","@id":"https:\/\/www.sanluisrey.edu.co\/new\/producto\/comprasegura-co\/#primaryimage","url":"https:\/\/www.sanluisrey.edu.co\/new\/wp-content\/uploads\/2020\/06\/06-1.jpg","contentUrl":"https:\/\/www.sanluisrey.edu.co\/new\/wp-content\/uploads\/2020\/06\/06-1.jpg","width":640,"height":727},{"@type":"BreadcrumbList","@id":"https:\/\/www.sanluisrey.edu.co\/new\/producto\/comprasegura-co\/#breadcrumb","itemListElement":[{"@type":"ListItem","position":1,"name":"Home","item":"https:\/\/www.sanluisrey.edu.co\/new\/"},{"@type":"ListItem","position":2,"name":"#SanLuisCompraSanLuis","item":"https:\/\/www.sanluisrey.edu.co\/new\/directorio-empresarial\/"},{"@type":"ListItem","position":3,"name":"Comprasegura.co"}]},{"@type":"WebSite","@id":"https:\/\/www.sanluisrey.edu.co\/new\/#website","url":"https:\/\/www.sanluisrey.edu.co\/new\/","name":"Colegio San Luis Rey","description":"Comunidad Franciscana Provincia de la Santa Fe","potentialAction":[{"@type":"SearchAction","target":{"@type":"EntryPoint","urlTemplate":"https:\/\/www.sanluisrey.edu.co\/new\/?s={search_term_string}"},"query-input":{"@type":"PropertyValueSpecification","valueRequired":true,"valueName":"search_term_string"}}],"inLanguage":"es"}]}},"jetpack_sharing_enabled":true,"_links":{"self":[{"href":"https:\/\/www.sanluisrey.edu.co\/new\/wp-json\/wp\/v2\/product\/4534","targetHints":{"allow":["GET"]}}],"collection":[{"href":"https:\/\/www.sanluisrey.edu.co\/new\/wp-json\/wp\/v2\/product"}],"about":[{"href":"https:\/\/www.sanluisrey.edu.co\/new\/wp-json\/wp\/v2\/types\/product"}],"replies":[{"embeddable":true,"href":"https:\/\/www.sanluisrey.edu.co\/new\/wp-json\/wp\/v2\/comments?post=4534"}],"version-history":[{"count":1,"href":"https:\/\/www.sanluisrey.edu.co\/new\/wp-json\/wp\/v2\/product\/4534\/revisions"}],"predecessor-version":[{"id":4544,"href":"https:\/\/www.sanluisrey.edu.co\/new\/wp-json\/wp\/v2\/product\/4534\/revisions\/4544"}],"wp:featuredmedia":[{"embeddable":true,"href":"https:\/\/www.sanluisrey.edu.co\/new\/wp-json\/wp\/v2\/media\/4535"}],"wp:attachment":[{"href":"https:\/\/www.sanluisrey.edu.co\/new\/wp-json\/wp\/v2\/media?parent=4534"}],"wp:term":[{"taxonomy":"product_brand","embeddable":true,"href":"https:\/\/www.sanluisrey.edu.co\/new\/wp-json\/wp\/v2\/product_brand?post=4534"},{"taxonomy":"product_cat","embeddable":true,"href":"https:\/\/www.sanluisrey.edu.co\/new\/wp-json\/wp\/v2\/product_cat?post=4534"},{"taxonomy":"product_tag","embeddable":true,"href":"https:\/\/www.sanluisrey.edu.co\/new\/wp-json\/wp\/v2\/product_tag?post=4534"}],"curies":[{"name":"wp","href":"https:\/\/api.w.org\/{rel}","templated":true}]}}